 o(3). Let x(l) be the third derivative of l**6/120 + l**5/10 + l**4/4 + l**3 + 7*l**2. Calculate x(a).
1
Suppose 5 + 0 = -a. Let y = 5 + a. Let f be y + -1 + 2 + 0. Let t(r) = r**2 - r. What is t(f)?
0
Let t(c) = 9 + 4*c - 4*c - c - c. Let i be t(4). Let u(y) = 5*y + 1. What is u(i)?
6
Let o(p) be the first derivative of -p**2/2 + p + 40. What is o(1)?
0
Let z be (-10)/(-25) - 16/(-10). Let r(k) = 2*k - 1. What is r(z)?
3
Let t(a) = a**3 - 16*a**2 + 16*a - 14. Let r be t(15). Let x(y) = 3*y**2 - y. What is x(r)?
2
Let v be -3 + 8 + (1 - 1). Let s(t) = -t**3 + 4*t**2 + 7*t - 4. Calculate s(v).
6
Let k = 15 - 11. Suppose 13 + 7 = k*o. Let i(y) be the second derivative of y**3/6 - 5*y**2/2 + y. Calculate i(o).
0
Let d be -3 + (2 - 0) + 2. Let z(k) = -k. Let w(t) = 2*t - 8. Let g(h) = d*w(h) + 5*z(h). What is g(-6)?
10
Suppose 12 = 7*i - 3*i. Let v(r) = -3*r + r + 2 + 5 + i*r. Give v(-4).
3
Let c(q) = -q**3 - 4*q**2 + 3*q - q**2 + 8*q**2. Let h be (1 - (3 + -2))/1. Suppose 6*f - 3*f - 12 = h. Determine c(f).
-4
Let w(p) be the first derivative of p**4/4 - p**3/3 + 5*p - 5. Let n = 2 - -1. Suppose -5*l + 5 = -g - 0, -n*l = 4*g - 3. Calculate w(g).
5
Let d(w) = w**3 - 6*w**2 + w - 2. Let f = 8 + -8. Suppose 3*k + 5 - 23 = f. Determine d(k).
4
Let a = 85 - 84. Let j(s) = -s + 1. Give j(a).
0
Suppose v + 2 - 6 = 0. Suppose -v = -2*y - 2*y. Let g(a) be the third derivative of -a**4/3 + a**3/6 + a**2. Calculate g(y).
-7
Let i(g) = 3*g + 6 + g - g. Let f be -10*((-14)/4 - -4). Determine i(f).
-9
Suppose 4*q + u - 34 = -u, -3*q = -3*u - 30. Suppose -2*g - q = -x, -20 = 2*x + 5*g - 2. Let r(d) = -13*d**3 + d. Give r(x).
-12
Suppose -3*q + 1 = -8. Let y(t) = -t**2 + 3*t + 2. What is y(q)?
2
Let h(j) = 6*j**3 + j. Let o be (-6)/3*1*-2. Suppose -a + 3 - o = 0. Give h(a).
-7
Let n(m) = m + 4*m**2 + m - 2 + 2*m - 2*m. Determine n(-2).
10
Let f be 10/45 + (-79)/(-9). Let a = 15 - f. Let l be (-3)/a + 21/(-6). Let d(r) = -r - 4. Determine d(l).
0
Let s(u) = -7*u - 4 - u**2 - 4 + 3. Let y be 57/(-9) - (-3)/9. What is s(y)?
1
Let z(t) = t**3 + 5*t**2 - 3*t - 5. Let f be (-174)/34 - 20/(-170). Give z(f).
10
Let h = -9 + 4. Let k(w) = -9*w**3 - w. Let l be k(-1). Let u = l + h. Let g(v) = v**2 - 7*v + 4. Calculate g(u).
-6
Suppose -5*x = 5*g - g + 64, -5*g + 4*x = 39. Let f = g + 6. Let l(z) = -z**3 - 4*z**2 + 4*z - 2. Determine l(f).
3
Let d = 0 + 0. Let s(b) be the second derivative of 1/12*b**4 + 7/2*b**2 + 0*b**3 + b + 0. Calculate s(d).
7
Suppose -3 = -2*a + a. Let t(q) = -3*q + 4. Let c be t(a). Let i(h) = h - 5. Calculate i(c).
-10
Suppose r + 2*c - 8 = 0, 0*c - c = 4*r - 25. Let u(b) = -b**2 + 7*b - 1. Let t be u(r). Let i = t - 10. Let o(w) = -w**3 - 4*w**2 + 5*w + 1. Calculate o(i).
1
Suppose -2*g - 20 = -6*g. Let x(v) = -3*v**3 + 15*v**2 - 16*v - 7. Let q(p) = 2*p**3 - 10*p**2 + 11*p + 5. Let u(y) = g*x(y) + 7*q(y). Give u(2).
6
Let v = 9 + -7. Let h be 1*(0 - (-1 + 0)). Let p(i) = -h - 2*i**2 - 4*i**v + 4*i - 3*i. Determine p(1).
-6
Let h(z) = 0*z - 4*z + z**2 + z - 6. Suppose -m - 5 = -2*m. Give h(m).
4
Let q be (-1)/((-1)/(2 - 0)). Let w(r) = 4*r**3 + r + q + 16 - 4 - 3*r**3. What is w(0)?
14
Suppose -3 = 2*r - 5*r, r + 8 = 3*l. Let g(h) = -2*h - 2*h**2 + 0*h + 3 + 3*h**2. Determine g(l).
6
Let u(d) be the second derivative of d**3/6 + 3*d**2 + 12*d. Give u(5).
11
Let j = 9 - 5. Let r = 2 + j. Let f(g) = -g**2 - r + 5 + 5. What is f(3)?
-5
Suppose 0 = -3*w + 2*i - 37, -4*i = w - 7 - 4. Let h be (-2)/6 + 24/w. Let n(r) = -r**2 - 6*r - 3. Calculate n(h).
6
Let s(g) = -8*g**3 + g**2. Let z be (4/(-10))/((-2)/110). Let l = z + -23. What is s(l)?
9
Suppose 5*j = 3*s + 11 + 21, 0 = -4*j + 2*s + 24. Suppose -3*l - 9 = 0, -j*y + 3 = -l - 12. Suppose 5*n = -y - 2. Let d(z) = 6*z**2 - z. What is d(n)?
7
Let s(p) = p**3 + 3*p**2 + p - 1. Suppose -3*z + z + 12 = 0. Let u = -9 + z. Calculate s(u).
-4
Suppose 2*g = 3*t + 41, -10 + 47 = -3*t - 2*g. Let r = t - -10. Let f(u) = -u**2 + u + 1. What is f(r)?
-11
Suppose -2*m = -m - 7. Let w = 4 - m. Let r(h) = -2*h - 3 + 2 + 3. Determine r(w).
8
Let m = 7 - 11. Let h(l) be the second derivative of l**5/60 + l**4/6 + l**3/3 - 3*l**2/2 + 3*l. Let d(a) be the first derivative of h(a). Determine d(m).
2
Let o(z) = 25*z - 6 - 2*z**2 - 59*z + 31*z + 3*z**2. Determine o(5).
4
Let z(v) = -16*v + 1. Suppose 0 = -5*u + 17 - 27. Calculate z(u).
33
Let c(h) = -6*h**3 - 2*h**2 - h. Let i be c(-1). Suppose 0 = -i*j - 20, -3*j - 4 = -4*w + 2*j. Let d be ((-3)/w)/(5/(-20)). Let n(k) = -2*k - 1. Calculate n(d).
5
Let w(b) = -b - 5. Suppose 3*d = 2*p + 5 - 32, 13 = -4*d - 5*p. Let z be w(d). Let u(g) = g + g**3 + z*g**2 - 2*g**3 + 2 + g**2 - 7*g**2. What is u(-2)?
-8
Let a(d) = -d**2 - d - 1. Let q(h) = -h**2 - 5*h. Let v(u) = 6*a(u) - q(u). Let l(f) = -11*f**2 - 3*f - 12. Let r(w) = 4*l(w) - 9*v(w). Determine r(4).
10
Let z(x) be the second derivative of -x**5/20 - x**4/2 + x**3/6 + 2*x**2 + 5*x. Give z(-6).
-2
Let x(s) be the first derivative of -s**3/3 + 4*s**2 - s - 34. What is x(8)?
-1
Let c(b) = 2*b**3 + 15*b**2 + 15. Let p(q) = -q**3 - 7*q**2 - 8. Let x(w) = 6*c(w) + 13*p(w). Determine x(0).
-14
Let w(d) = 3*d + 6. Suppose 0 = 4*j - 8, 2*f + 19 = 4*j + 3. What is w(f)?
-6
Let p(w) = -2*w - 16. Let g be p(-4). Let d(m) = m**2 + 6*m - 8. Give d(g).
8
Let m(r) = r + 3 - 6 - 6. Let c be 2 + (0 + -3 - -1). Calculate m(c).
-9
Let l(b) be the third derivative of b**5/30 + b**4/24 + 2*b**2. Let w(p) = -p**2 + 10*p - 11. Let f be w(9). Give l(f).
6
Let k(q) = -1. Let h(y) = -2*y + 2. Let l(g) = -h(g) + k(g). Give l(-5).
-13
Let t(j) be the second derivative of j**5/20 - 2*j**4/3 + 3*j**3/2 - 2*j**2 - 3*j. What is t(7)?
10
Let l(d) = -d - 5. Suppose -3*r = -8*r. Give l(r).
-5
Suppose -2*l + 3 = -1. Let y(t) = 7*t + 1. Calculate y(l).
15
Suppose -5 - 3 = 4*a. Let c = a - 0. Let t(s) = -s**2 + s + 2. Calculate t(c).
-4
Let r(c) = c + 1. Suppose k + 8 = -0*k + s, 0 = -2*k + 5*s - 4. Let d = 8 + k. Calculate r(d).
-3
Let m(v) = v**3 + 4 - 1 - 1 + 6*v**2 - v. What is m(-6)?
8
Suppose 2*k + 3*b - 2*b + 7 = 0, -2*k = -5*b + 37. Let x be k + 0 - (1 + -3). Let t(m) = -1 + m**3 - 6*m + 0*m**2 + 0 + 3*m**2. Give t(x).
7
Let a(l) = l**2 - 1. Let h = 12 - 17. Let d(s) = -s - 3. Let o be d(h). Suppose o*r - 2*b + 2 = 2*b, 4*r + 4 = 5*b. What is a(r)?
0
Let a(g) = -g**3 + g**2 + 3*g + 1. Suppose 3*m - 4*o = -2*o + 10, -8 = -2*m + 2*o. Let i = 23 + -21. Suppose 4 = -2*b - b + i*j, 0 = -m*b + 4*j. Determine a(b).
7
Let k(x) = 1. Let q(w) = w - 5. Let h(i) = -3*k(i) - q(i). Let a = -5 + 2. What is h(a)?
5
Let j(g) be the third derivative of -g**4/24 + 2*g**2. Let a be j(2). Let i(v) be the third derivative of -v**5/60 - v**3/3 - v**2. What is i(a)?
-6
Let k(i) be the third derivative of i**6/120 - 2*i**5/15 + i**4/3 - i**3 - i**2. Determine k(7).
1
Let o(a) = -90*a**2 + 95*a**2 + a - 1 - 3*a. Give o(-1).
6
Let l(x) = -x**3 + 3*x**2 + x. Let y be 275/77 + 4/(-7). What is l(y)?
3
Let g(p) = 6*p - 40. Let s(k) = -k - 31. Let v(a) = 15. Let j(f) = -2*s(f) - 5*v(f). Let r(c) = -5*g(c) + 16*j(c). Give r(7).
6
Let u(x) = -2*x**2 + 3*x - 1. Let d(m) be the third derivative of -m**5/20 + m**4/4 - m**3/3 - 2*m**2. Let c(v) = 3*d(v) - 5*u(v). What is c(2)?
9
Let z(g) = g**2 + g. Let x(m) = 17*m**2 + 2*m + 1. Let p(u) = x(u) - 2*z(u). What is p(-1)?
16
Let s(z) = 2*z**3 + 12*z**2 - 7*z. Let d(i) = i**3 + 6*i**2 - 4*i. Let h(x) = 5*d(x) - 3*s(x). Give h(-6).
-6
Suppose -r = -x + 4, 3*x = 2*x - 4*r + 9. Let s(q) = 4 - 6*q**2 + x - 5 - 4*q**3 + 9*q. Let n(b) = -b**3 + b. Let f(w) = -5*n(w) + s(w). Determine f(5).
-1
Let k(z) = 5*z**2 + 6*z + 2. Let m(q) = 4*q**2 + 6*q + 2. Let f(c) = 3*k(c) - 4*m(c). Let w be 12/(-3) - -26 - 4. Let u = w - 22. Determine f(u).
6
Let x be 4/(-12) + 172/12. Let p(j) = 6 + x - 5*j - 19. Give p(3).
-14
Suppose v + 3*o = 14, -3*v + 4*o = -0*v + 10. Let r(d) = -5*d**2 + 3*d**v - 3 + d**2 + 3*d. Suppose 10*z + 6 = 12*z. What is r(z)?
-3
Let q(l) = -l - 4. Let n(s) = -5*s**2 + 4*s + 3. Let w(d) = d**2. Let v(g) = n(g) + 6*w(g). Let t = 2 - 6. Let y be v(t). Give q(y).
-7
Let x(p) = 6*p - 3*p**2 - p**3 + 103 - 104 + 0*p - p**2. Give x(-5).
-6
Let h = 114 - 75. Suppose -4*j = -h - 49. Let r be 4/20 - j/10. Let g(c) = -c. Give g(r).
2
Suppose -2*d